916 is divided by 11.
10
Calculate the remainder when 7658721 is divided by 439.
366
What is the remainder when 2602439 is divided by 18198?
125
What is the remainder when 69764 is divided by 726?
68
Calculate the remainder when 292393012 is divided by 17.
16
What is the remainder when 511508 is divided by 8119?
11
What is the remainder when 32752208 is divided by 61219?
43
Calculate the remainder when 198285 is divided by 37.
2
What is the remainder when 76372 is divided by 18953?
560
Calculate the remainder when 12777121 is divided by 27.
19
Calculate the remainder when 11675029 is divided by 416965.
9
What is the remainder when 900004 is divided by 39111?
451
What is the remainder when 84423 is divided by 41128?
2167
What is the remainder when 372323 is divided by 1213?
1145
Calculate the remainder when 102646100 is divided by 89.
86
Calculate the remainder when 22020 is divided by 19198.
2822
Calculate the remainder when 296663630 is divided by 35.
25
Calculate the remainder when 97484 is divided by 285.
14
What is the remainder when 46445927 is divided by 653?
649
What is the remainder when 2281648 is divided by 760520?
88
What is the remainder when 26634672 is divided by 22?
20
Calculate the remainder when 430562 is divided by 61503.
41
Calculate the remainder when 21370824 is divided by 139.
130
What is the remainder when 5837 is divided by 1489?
1370
What is the remainder when 9601157 is divided by 84?
41
Calculate the remainder when 51595377 is divided by 27.
24
What is the remainder when 11529333 is divided by 546?
543
Calculate the remainder when 3231579 is divided by 6876.
6735
Calculate the remainder when 1662557063 is divided by 13.
11
Calculate the remainder when 26915383 is divided by 15983.
11
Calculate the remainder when 982498 is divided by 1500.
1498
Calculate the remainder when 1669480 is divided by 1669440.
40
What is the remainder when 676312 is divided by 338149?
14
Calculate the remainder when 218076 is divided by 305.
1
Calculate the remainder when 32864266 is divided by 483298.
2
Calculate the remainder when 216781 is divided by 2974.
2653
Calculate the remainder when 2896001 is divided by 723954.
185
What is the remainder when 122096 is divided by 40655?
131
What is the remainder when 66425 is divided by 35?
30
What is the remainder when 10535394 is divided by 24558?
12
Calculate the remainder when 17399054 is divided by 396.
2
What is the remainder when 435927543 is divided by 8?
7
What is the remainder when 891467 is divided by 9?
8
What is the remainder when 20248794 is divided by 14705?
9
Calculate the remainder when 3733856 is divided by 38.
14
What is the remainder when 8464642 is divided by 11?
10
What is the remainder when 2992170 is divided by 1889?
1883
What is the remainder when 1318175 is divided by 1514?
995
What is the remainder when 181498404 is divided by 4587?
4575
What is the remainder when 8010073 is divided by 182046?
49
Calculate the remainder when 11598835 is divided by 87.
82
What is the remainder when 1167463 is divided by 235?
218
What is the remainder when 2655157 is divided by 4570?
4557
Calculate the remainder when 489922 is divided by 3603.
3517
Calculate the remainder when 263563 is divided by 131721.
121
Calculate the remainder when 853016 is divided by 853009.
7
Calculate the remainder when 6209304 is divided by 2069754.
42
Calculate the remainder when 5827367 is divided by 57131.
5
What is the remainder when 66056551 is divided by 5248?
5223
What is the remainder when 2923715 is divided by 1281?
473
Calculate the remainder when 259956 is divided by 14417.
450
What is the remainder when 11570210 is divided by 18722?
14
Calculate the remainder when 1035013199 is divided by 8.
7
What is the remainder when 68138 is divided by 1918?
1008
What is the remainder when 1824841 is divided by 107334?
163
Calculate the remainder when 36170 is divided by 34938.
1232
What is the remainder when 6837731 is divided by 6014?
5827
What is the remainder when 5895 is divided by 1680?
855
Calculate the remainder when 164655 is divided by 41119.
179
Calculate the remainder when 28162 is divided by 299.
56
Calculate the remainder when 813759 is divided by 1374.
351
What is the remainder when 1912983 is divided by 76?
63
Calculate the remainder when 11819431 is divided by 109439.
19
What is the remainder when 1126862 is divided by 1495?
1127
What is the remainder when 203783 is divided by 8799?
1406
Calculate the remainder when 28139 is divided by 6962.
291
Calculate the remainder when 184215 is divided by 1926.
1245
What is the remainder when 715690 is divided by 1510?
1460
Calculate the remainder when 138071247 is divided by 112.
111
Calculate the remainder when 605626 is divided by 271.
212
Calculate the remainder when 25041622 is divided by 875.
872
Calculate the remainder when 3221348 is divided by 230077.
270
What is the remainder when 3203353 is divided by 1179?
10
Calculate the remainder when 17683391 is divided by 13.
11
What is the remainder when 5818530 is divided by 115?
105
What is the remainder when 929490 is divided by 1262?
658
What is the remainder when 6861357 is divided by 222?
3
Calculate the remainder when 92048 is divided by 513.
221
Calculate the remainder when 14092751 is divided by 226.
69
What is the remainder when 2299002 is divided by 239?
61
What is the remainder when 607590176 is divided by 18?
14
What is the remainder when 120980 is divided by 12088?
100
What is the remainder when 1179727764 is divided by 289?
286
What is the remainder when 1907009 is divided by 17657?
53
Calculate the remainder when 3498817 is divided by 106024.
25
What is the remainder when 12385602 is divided by 3325?
3302
What is the remainder when 145734 is divided by 508?
446
Calculate the remainder when 1213253 is divided by 320.
133
Calculate the remainder when 25041542 is divided by 374.
372
Calculate the remainder when 47698 is divided by 23616.
466
What is the remainder when 57064642 is divided by 2499?
2476
Calculate the remainder when 2918917 is divided by 656.
373
What is the remainder when 1198054 is divided by 583?
572
What is the remainder when 169238 is divided by 56299?
341
What is the remainder when 45248 is divided by 362?
360
What is the remainder when 2333092 is divided by 111099?
13
Calculate the remainder when 24497 is divided by 1356.
89
What is the remainder when 757128 is divided by 1907?
49
What is the remainder when 59978 is divided by 8034?
3740
Calculate the remainder when 150100 is divided by 149674.
426
What is the remainder when 39953 is divided by 2805?
683
Calculate the remainder when 25438945 is divided by 25438940.
5
What is the remainder when 879733 is divided by 51737?
204
Calculate the remainder when 796452 is divided by 10759.
286
Calculate the remainder when 11325864 is divided by 3013.
3010
Calculate the remainder when 295590 is divided by 48.
6
What is the remainder when 807222 is divided by 201465?
1362
Calculate the remainder when 24245813 is divided by 8081937.
2
What is the remainder when 4990632 is divided by 1247551?
428
What is the remainder when 2267869 is divided by 5?
4
What is the remainder when 2950765 is divided by 44696?
829
Calculate the remainder when 448309 is divided by 89653.
44
What is the remainder when 22793018 is divided by 7?
3
Calculate the remainder when 45954 is divided by 102.
54
Calculate the remainder when 52848131 is divided by 2372.
2343
What is the remainder when 129582 is divided by 11294?
5348
What is the remainder when 1689840 is divided by 559?
542
Calculate the remainder when 8289 is divided by 571.
295
Calculate the remainder when 1492080 is divided by 745901.
278
What is the remainder when 647009 is divided by 87?
77
Calculate the remainder when 11109766 is divided by 66.
52
What is the remainder when 5602317 is divided by 800321?
70
Calculate the remainder when 129399 is divided by 5831.
1117
What is the remainder when 48662407 is divided by 172?
167
What is the remainder when 1058476067 is divided by 2028?
2027
Calculate the remainder when 90742606 is divided by 19.
12
What is the remainder when 215526957 is divided by 4653?
4650
Calculate the remainder when 288733 is divided by 71967.
865
What is the remainder when 5071